{"id":26,"date":"2010-02-27T14:08:24","date_gmt":"2010-02-27T13:08:24","guid":{"rendered":"http:\/\/cpcascante.educacion.navarra.es\/web1\/acontecimientos-escolares-en-estos-50-anos\/"},"modified":"2016-03-03T13:10:23","modified_gmt":"2016-03-03T12:10:23","slug":"acontecimientos-escolares-en-estos-50-anos","status":"publish","type":"page","link":"https:\/\/cpcascante.educacion.navarra.es\/web1\/50-aniversario\/acontecimientos-escolares-en-estos-50-anos\/","title":{"rendered":"Acontecimientos Escolares"},"content":{"rendered":"<p style=\"text-align: justify;\"><strong><u>En el a\u00f1o 1965<\/u><\/strong>, el colegio recibi\u00f3 el <strong>primer premio provincial a la mejor escuela de Navarra<\/strong>. Se prepararon varios actos a lo largo del d\u00eda:<\/p>\n<p style=\"text-align: justify;\">Primero el Consistorio recibi\u00f3 a las autoridades y se llev\u00f3 a cabo un paseo por la ciudad. Se visit\u00f3 finalmente el Romero y se baj\u00f3 al grupo escolar. All\u00ed se hab\u00eda preparado una exposici\u00f3n de trabajos en el pasillo central. Posteriormente se llevaron a cabo varias actuaciones en los patios del colegio. El alumnado realiz\u00f3 tablas de gimnasia, se cantaron jotas y tambi\u00e9n hubo danzas con dantzaris de otra localidad. Los actos contaron con una gran afluencia de p\u00fablico.<\/p>\n<p style=\"text-align: justify;\"><strong><u>En Junio de 1967<\/u><\/strong>, se celebr\u00f3 el <strong>Final de curso<\/strong> de una manera especial. Se prepararon actuaciones y se representaron ante todo el pueblo en el local del cine.<\/p>\n<p style=\"text-align: justify;\"><strong><u>En el a\u00f1o 1974<\/u><\/strong>, desde el Centro y con patrocinio del Ayuntamiento, se prepar\u00f3 un grupo de <strong>Majorettes y Mini-majorettes<\/strong>. Durante unos a\u00f1os participaron activamente en actos y fiestas de la localidad.<\/p>\n<p style=\"text-align: justify;\"><strong><u>En el curso 1982-83,<\/u><\/strong> comienza a celebrarse el <strong>D\u00eda del \u00c1rbol<\/strong>, realiz\u00e1ndose plantaciones en el t\u00e9rmino de La Sierra, cerca de la Balsa de Chavarri. (Las fotos proceden del Archivo Fotogr\u00e1fico del Diario de Navarra)<\/p>\n<p style=\"text-align: justify;\"><strong><u>En Febrero del a\u00f1o 1985<\/u><\/strong>, se celebran en el colegio los primeros <strong>Carnavales Escolares<\/strong>, intentando recuperar una tradici\u00f3n de muchos a\u00f1os atr\u00e1s. Se foment\u00f3 la elaboraci\u00f3n artesanal de los trajes en la escuela. (Es una celebraci\u00f3n que con los a\u00f1os se asumi\u00f3 por la poblaci\u00f3n de Cascante y dejaron\u00a0 de llevarse a cabo en la escuela de forma un\u00e1nime, desde infantil hasta 6\u00ba)<\/p>\n<p style=\"text-align: justify;\">Igualmente, <strong><u>en Mayo del a\u00f1o 1985<\/u><\/strong>, el colegio se propuso recuperar la tradici\u00f3n de realizar <strong>carrozas<\/strong> de chopo y guirnaldas para subir al cabezo, en la romer\u00eda de la <strong>Cruceta<\/strong>. Se realizaron dos carrozas desde el centro, con la participaci\u00f3n de muchas personas del pueblo. (A partir de ese momento, y en los a\u00f1os sucesivos, muchas personas y grupos retomaron la ilusi\u00f3n por realizar las carrozas tradicionales de Cascante). Tambi\u00e9n, hacia <strong>1986<\/strong>, comenz\u00f3 a celebrarse el <strong>D\u00eda de la Paz<\/strong>.<\/p>\n","protected":false},"excerpt":{"rendered":"<p>En el a\u00f1o 1965, el colegio recibi\u00f3 el primer premio provincial a la mejor escuela de Navarra. Se prepararon varios actos a lo largo del d\u00eda: Primero el Consistorio recibi\u00f3 a las autoridades y se llev\u00f3 a cabo un paseo por la ciudad. Se visit\u00f3 finalmente el Romero y se baj\u00f3 al grupo escolar. All\u00ed [&hellip;]<\/p>\n","protected":false},"author":1,"featured_media":0,"parent":705,"menu_order":5,"comment_status":"closed","ping_status":"closed","template":"","meta":{"_genesis_hide_title":false,"_genesis_hide_breadcrumbs":false,"_genesis_hide_singular_image":false,"_genesis_hide_footer_widgets":false,"_genesis_custom_body_class":"","_genesis_custom_post_class":"","_genesis_layout":""},"_links":{"self":[{"href":"https:\/\/cpcascante.educacion.navarra.es\/web1\/wp-json\/wp\/v2\/pages\/26"}],"collection":[{"href":"https:\/\/cpcascante.educacion.navarra.es\/web1\/wp-json\/wp\/v2\/pages"}],"about":[{"href":"https:\/\/cpcascante.educacion.navarra.es\/web1\/wp-json\/wp\/v2\/types\/page"}],"author":[{"embeddable":true,"href":"https:\/\/cpcascante.educacion.navarra.es\/web1\/wp-json\/wp\/v2\/users\/1"}],"replies":[{"embeddable":true,"href":"https:\/\/cpcascante.educacion.navarra.es\/web1\/wp-json\/wp\/v2\/comments?post=26"}],"version-history":[{"count":5,"href":"https:\/\/cpcascante.educacion.navarra.es\/web1\/wp-json\/wp\/v2\/pages\/26\/revisions"}],"predecessor-version":[{"id":710,"href":"https:\/\/cpcascante.educacion.navarra.es\/web1\/wp-json\/wp\/v2\/pages\/26\/revisions\/710"}],"up":[{"embeddable":true,"href":"https:\/\/cpcascante.educacion.navarra.es\/web1\/wp-json\/wp\/v2\/pages\/705"}],"wp:attachment":[{"href":"https:\/\/cpcascante.educacion.navarra.es\/web1\/wp-json\/wp\/v2\/media?parent=26"}],"curies":[{"name":"wp","href":"https:\/\/api.w.org\/{rel}","templated":true}]}}