{"id":1193,"date":"2017-05-18T16:39:42","date_gmt":"2017-05-18T14:39:42","guid":{"rendered":"http:\/\/cpcascante.educacion.navarra.es\/web1\/?page_id=1193"},"modified":"2017-05-18T18:46:25","modified_gmt":"2017-05-18T16:46:25","slug":"piraguas-en-balsa-purguer","status":"publish","type":"page","link":"https:\/\/cpcascante.educacion.navarra.es\/web1\/actividades-de-centro-primaria\/piraguas-en-balsa-purguer\/","title":{"rendered":"Piraguas en Balsa Purguer 2017"},"content":{"rendered":"<p style=\"text-align: center;\"><span style=\"font-size: 18pt;\"><strong><span style=\"color: #339966;\">\u201cUnos expertos pirag\u00fcistas\u201d<\/span><\/strong><\/span><\/p>\n<p><img loading=\"lazy\" class=\"size-medium wp-image-1197 alignleft\" src=\"http:\/\/cpcascante.educacion.navarra.es\/web1\/wp-content\/uploads\/2017\/05\/IMG_20170508_123355-300x225.jpg\" alt=\"\" width=\"300\" height=\"225\" srcset=\"https:\/\/cpcascante.educacion.navarra.es\/web1\/wp-content\/uploads\/2017\/05\/IMG_20170508_123355-300x225.jpg 300w, https:\/\/cpcascante.educacion.navarra.es\/web1\/wp-content\/uploads\/2017\/05\/IMG_20170508_123355-768x576.jpg 768w, https:\/\/cpcascante.educacion.navarra.es\/web1\/wp-content\/uploads\/2017\/05\/IMG_20170508_123355-1024x768.jpg 1024w\" sizes=\"(max-width: 300px) 100vw, 300px\" \/><\/p>\n<p style=\"text-align: justify;\"><span style=\"font-weight: 400;\">El lunes 8 de mayo, los alumnos de 6\u00ba de Primaria junto con nuestros profes pasamos un d\u00eda genial en la Balsa del Pulguer. A las 8:30 ya est\u00e1bamos en la parada del autob\u00fas para empezar nuestra caminata hasta all\u00ed. Hab\u00edamos quedado con los alumnos del Grado Medio de Actividades deportivas de la ETI para hacer una actividad de pirag\u00fcismo. <\/span><\/p>\n<p style=\"text-align: justify;\"><span style=\"font-weight: 400;\">La ida fue muy bien y se nos hizo corta porque no hac\u00eda mucho calor todav\u00eda, aunque nos cost\u00f3 casi dos horas llegar. Como todav\u00eda nos sobraba tiempo, estuvimos almorzando hasta que llegaron los alumnos de la ETI. Los monitores nos explicaron c\u00f3mo eran las actividades que \u00edbamos a hacer. Antes de empezar nos pusieron unos chalecos e hicimos una prueba de nataci\u00f3n para asegurarse de que todos sab\u00edamos nadar. Despu\u00e9s de la prueba, nos dividieron en dos grupos y nos explicaron en qu\u00e9 consist\u00edan las actividades que \u00edbamos a hacer. Uno de los grupos ten\u00eda que inventar la mejor forma de crear una balsa que flotara en el agua con bidones, cuerdas y palos. El objetivo es que la balsa aguantase un minuto en el agua con nosotros encima. En el primer grupo los chicos ganaron pero en el segundo las chicas fueron m\u00e1s inteligentes. El otro grupo mientras, hac\u00eda pirag\u00fc\u00edsmo. Fue genial recordar lo que hab\u00edamos aprendido el a\u00f1o pasado en la actividad de la vela. <\/span><\/p>\n<p style=\"text-align: justify;\"><span style=\"font-weight: 400;\">Cuando acab\u00f3 la actividad despedimos a los monitores y les dimos las gracias. Despu\u00e9s fuimos a comer a la zona de los pinos, tuvimos una charla de lo m\u00e1s interesante e iniciamos la marcha de vuelta a Cascante. Esta vez se nos hizo m\u00e1s duro porque \u00edbamos r\u00e1pido y hac\u00eda mucha calor. A mitad de camino paramos en la caseta de los cazadores a descansar y refrescarnos. Despu\u00e9s seguimos con la caminata y a las cinco en punto est\u00e1bamos de vuelta en el cole. \u00a1Nos esperaba una gran tarde de descanso!<\/span><\/p>\n<p style=\"text-align: justify;\"><a href=\"https:\/\/www.flickr.com\/photos\/139677338@N04\/albums\/72157680526896374\">ENLACE A IM\u00c1GENES<\/a><\/p>\n","protected":false},"excerpt":{"rendered":"<p>\u201cUnos expertos pirag\u00fcistas\u201d El lunes 8 de mayo, los alumnos de 6\u00ba de Primaria junto con nuestros profes pasamos un d\u00eda genial en la Balsa del Pulguer. A las 8:30 ya est\u00e1bamos en la parada del autob\u00fas para empezar nuestra caminata hasta all\u00ed. Hab\u00edamos quedado con los alumnos del Grado Medio de Actividades deportivas de [&hellip;]<\/p>\n","protected":false},"author":1,"featured_media":0,"parent":633,"menu_order":0,"comment_status":"closed","ping_status":"closed","template":"","meta":{"_genesis_hide_title":false,"_genesis_hide_breadcrumbs":false,"_genesis_hide_singular_image":false,"_genesis_hide_footer_widgets":false,"_genesis_custom_body_class":"","_genesis_custom_post_class":"","_genesis_layout":""},"_links":{"self":[{"href":"https:\/\/cpcascante.educacion.navarra.es\/web1\/wp-json\/wp\/v2\/pages\/1193"}],"collection":[{"href":"https:\/\/cpcascante.educacion.navarra.es\/web1\/wp-json\/wp\/v2\/pages"}],"about":[{"href":"https:\/\/cpcascante.educacion.navarra.es\/web1\/wp-json\/wp\/v2\/types\/page"}],"author":[{"embeddable":true,"href":"https:\/\/cpcascante.educacion.navarra.es\/web1\/wp-json\/wp\/v2\/users\/1"}],"replies":[{"embeddable":true,"href":"https:\/\/cpcascante.educacion.navarra.es\/web1\/wp-json\/wp\/v2\/comments?post=1193"}],"version-history":[{"count":5,"href":"https:\/\/cpcascante.educacion.navarra.es\/web1\/wp-json\/wp\/v2\/pages\/1193\/revisions"}],"predecessor-version":[{"id":1200,"href":"https:\/\/cpcascante.educacion.navarra.es\/web1\/wp-json\/wp\/v2\/pages\/1193\/revisions\/1200"}],"up":[{"embeddable":true,"href":"https:\/\/cpcascante.educacion.navarra.es\/web1\/wp-json\/wp\/v2\/pages\/633"}],"wp:attachment":[{"href":"https:\/\/cpcascante.educacion.navarra.es\/web1\/wp-json\/wp\/v2\/media?parent=1193"}],"curies":[{"name":"wp","href":"https:\/\/api.w.org\/{rel}","templated":true}]}}